mmon factor of h and 11.
11
Let w = -836 - -2758. Calculate the greatest common factor of w and 62.
62
Let j = 28 - 28. Suppose 0*b + 3*h - 147 = -2*b, 2*b - 3*h - 141 = j. Calculate the greatest common divisor of 9 and b.
9
Let h = 1377 - 1194. Calculate the highest common divisor of 488 and h.
61
Let x be (-2)/3 + ((-28)/(-6) - 2). What is the highest common divisor of 10 and x?
2
Suppose -6*v + 691 = -533. Calculate the greatest common divisor of v and 60.
12
Suppose -q = 2*q. Suppose q*k - 3*k + 9 = 0. Suppose -r = 2*s - 0*r - 36, k*s = 3*r + 72. What is the greatest common factor of 5 and s?
5
Let h = -24 + 27. Suppose 4*q + h*n - 26 = 0, 5*q - 38 = q + 3*n. Calculate the greatest common divisor of q and 88.
8
Let d(q) = 28*q - 231. Let w be d(18). What is the greatest common factor of 39 and w?
39
Suppose -5*g - 7*g + 240 = 0. Let s be (-1 - (-78)/(-2))*(-110)/20. Calculate the greatest common divisor of s and g.
20
Let c be (-25)/(-35) - (-4)/14. Let f be (-1)/((-108)/104 + c). Suppose -3*w + 5*i = -1 - f, -53 = -4*w + i. Calculate the highest common divisor of 42 and w.
14
Let h(z) = z**2 - 11*z - 12. Suppose 0 = -0*p - 4*p - 40. Let o be h(p). What is the highest common divisor of 18 and o?
18
Let j(o) = 44*o - 45. Let m be j(5). Calculate the highest common divisor of 100 and m.
25
Let y(d) = -6*d**2 + 104*d - 2. Let g be y(16). Suppose 0 = m + 4*i - 21, -m = 3*m - 4*i - 24. Calculate the highest common divisor of m and g.
9
Let b = 22 + -19. Suppose 0 = 5*g + 20, -b*z - 4*g - 2 - 14 = 0. Suppose -44 = -z*o - 4*o. What is the greatest common factor of o and 55?
11
Suppose y - 294 = -6*y. Let x = 4 + 1. Suppose -x*c + 28 = -3*c. Calculate the greatest common divisor of y and c.
14
Let a(i) = 23*i - 419. Let l be a(21). Calculate the highest common factor of l and 752.
16
Let f be 17/17*(167 - (-2)/(-1)). What is the greatest common factor of f and 22?
11
Let b be (-11)/33 - (-26)/6. Let l be b + 22 + (-6)/(-3). Let m(r) = -r**3 + 6*r**2 + 3*r + 2. Let z be m(5). What is the greatest common factor of z and l?
14
Let a = -4 - 0. Let b be 32/a*(-3)/(-6). Let r = 4 - b. What is the greatest common factor of r and 8?
8
Suppose -10*x - 2*x = -780. Calculate the greatest common factor of 5 and x.
5
Suppose 5*h - 54 = r - 4*r, 3*h + r - 34 = 0. Let m = 6 - -12. What is the greatest common divisor of h and m?
6
Let f = 6 - 4. Suppose -5*x + 0*x + t = -19, 4 = 4*x + f*t. Suppose 0 = 3*c - x, c = -n + 5*n - 87. Calculate the highest common factor of 11 and n.
11
Suppose 0 = -a - 2*q + 4*q + 217, 4*a - 862 = 5*q. Calculate the highest common factor of a and 142.
71
Suppose 45*w - 46*w + 3 = 0. Suppose 5*m - j = 21, 2*j - 1 = w*m - 2*j. Calculate the greatest common divisor of m and 15.
5
Let a(u) = -8*u + 6. Let h(z) = -z. Let w(v) = -a(v) + 3*h(v). Let y be w(4). Calculate the greatest common divisor of y and 126.
14
Let a be 24/16 + 39/2. Let i be (-6 - -9)/(8/16). Calculate the highest common divisor of a and i.
3
Suppose 2*w = 5*w - 15. Suppose w*i - 13 + 3 = 0. Suppose 0 = -2*a + 4*f + 44, -5*a + i*f = -6*a + 10. Calculate the highest common factor of a and 8.
8
Let y(n) = n + 10. Let r be y(0). Suppose -47 = 4*a - 3*c, 57 - 17 = -2*a - 4*c. Let i be (-286)/a - (-12)/(-28). What is the highest common factor of r and i?
10
Let a(w) = w**3 + 7*w**2 + 2*w + 6. Let d be (-70)/15*(-3)/(-2). Let p be a(d). Let k be ((-28)/8 + 3)*p. What is the greatest common divisor of 4 and k?
4
Let h = 249 - 237. What is the highest common factor of h and 360?
12
Suppose -10*h - 144 = -8*h. Let s = -63 - h. Calculate the highest common divisor of 12 and s.
3
Suppose 200 = 5*z - 5*h + 3*h, -3*h - 160 = -4*z. Let i = 3543 - 3535. What is the greatest common divisor of z and i?
8
Let r(f) be the second derivative of f**4/6 + 5*f**3/6 + 3*f**2/2 + 13*f. Let k be r(5). What is the greatest common divisor of k and 52?
26
Let r = 230 + -217. Calculate the highest common divisor of 1 and r.
1
Let m be 1200/(-36)*12/(-5). Calculate the highest common divisor of m and 60.
20
Let u = -3 + 10. Suppose -3*t + 5*o = -165, 0 = 5*o + 8 + u. Let f = 85 - 60. Calculate the greatest common factor of t and f.
25
Let p = 1063 - 51. Calculate the greatest common factor of p and 23.
23
Suppose -n - 273 = -58. Let l = n - -323. Let i = 22 + -10. Calculate the highest common factor of i and l.
12
Suppose -1 = -w + 7. Let x = w - -19. Calculate the greatest common factor of 108 and x.
27
Suppose 30*q = 40*q - 930. What is the highest common divisor of 3 and q?
3
Let j = 277 - 241. What is the greatest common divisor of 234 and j?
18
Let t = -387 - -557. What is the greatest common divisor of t and 70?
10
Let r be (-3)/(-7) - (-2210)/70. Suppose 2*z - 1 = -3*j, -5*z - r = 2*j - 6*j. What is the highest common factor of 6 and j?
3
Suppose -d = 3*d - 460. Let s = -2671 + 2694. What is the greatest common factor of d and s?
23
Let x be (-3)/2*(-308)/42. Suppose x = -4*z - 1. Let d be ((-3)/z)/(1/3). What is the greatest common factor of d and 3?
3
Suppose -2*k - 8 = 0, -64 = -q - 2*k + 110. What is the highest common divisor of q and 26?
26
Let m be 14 + (-1)/4*8. What is the greatest common divisor of 32 and m?
4
Let c(u) be the first derivative of -3/4*u**4 - u + 2/3*u**3 + 0*u**2 - 10. Let f be c(-1). Calculate the highest common divisor of f and 1.
1
Let h(i) = 5*i - 7*i - 5*i + 13*i - 32. Let b be h(10). Calculate the highest common factor of 28 and b.
28
Let c = -663 - -699. What is the highest common divisor of 42 and c?
6
Let j(i) be the first derivative of i**2 + 4*i - 2. Let l be j(-3). Let x be (4 + -1 - -95) + l. What is the highest common factor of 12 and x?
12
Let t be -80*77/55*-2. What is the greatest common divisor of 40 and t?
8
Let b(f) = f**2 - 8*f + 4. Let d be b(10). Suppose -p - 2*p = -d. Suppose -k = -54 - 34. What is the greatest common factor of p and k?
8
Let g(v) = -2*v**3 + v**2 - 3*v + 25. Let n be g(0). What is the greatest common divisor of n and 125?
25
Suppose -5*a - 7*s + 10 = -2*s, 0 = -3*a + s + 2. Let g be (-66)/(a*(-4)/6). Calculate the highest common divisor of 11 and g.
11
Let a be (0 - 2/14) + (-18648)/(-196). Calculate the greatest common factor of 133 and a.
19
Suppose 22*n + 240 = 25*n + 5*l, 4*n + 3*l - 331 = 0. What is the greatest common divisor of n and 153?
17
Let l = -109 + 198. Suppose -l = -5*k + 221. Calculate the greatest common factor of k and 93.
31
Let f(q) = 2*q**2 + 72*q - 636. Let k be f(8). Calculate the highest common factor of 986 and k.
34
Let b be (-294)/(-1617) - (-127)/(-22)*-14. Suppose -19 = 5*i - 64. Calculate the greatest common divisor of b and i.
9
Suppose 2*l + 3*d - 16 = 5*d, -4*d - 23 = -3*l. Let j(w) = 5*w + 17. Let c be j(l). What is the highest common divisor of c and 31?
31
Let x(d) = -d + 5. Let s be x(12). Let i = s - -5. Let w(a) = -6*a**3 + a**2 + 3. Let u be w(i). Calculate the highest common divisor of 22 and u.
11
Let y be (58/(-4) - (0 - -4))*-14. What is the greatest common divisor of 74 and y?
37
Let g = 162 + -148. What is the greatest common factor of g and 7?
7
Let k = 601 - -96. Calculate the greatest common factor of 17 and k.
17
Let z(w) = 3*w**3 + 6*w**2 - 15*w + 4. Let b be z(3). What is the greatest common factor of 752 and b?
94
Let v = 0 - 1. Let g be (3/v + 1)*-8. Let w = 84819 - 84817. What is the highest common divisor of g and w?
2
Let h = 125 + -115. Calculate the greatest common factor of h and 20.
10
Suppose 22*s - 19*s - 2*o = 583, 0 = 4*s - o - 779. What is the greatest common divisor of 104 and s?
13
Let a be (-2 + -2)*14*-1. Let i = a + 29. Let t = 24 - -10. Calculate the greatest common divisor of i and t.
17
Let g be (-3 + 108)*4/6. Let n = 0 - -10. Calculate the greatest common divisor of n and g.
10
Let m(u) = u**3 - 18*u**2 - 81*u - 77. Let p be m(22). What is the highest common divisor of 3157 and p?
77
Suppose 20*h - 60 = 15*h. Suppose -2*f = -f - h. What is the greatest common divisor of f and 30?
6
Let r(w) = -60*w. Suppose 5*t - 5 = -5*u, -2*u - u - 13 = -5*t. Let j be r(u). Suppose 43 = 3*h - 17. What is the highest common divisor of j and h?
20
Suppose -2*c - 3*b = 3*c - 43, -13 = -c - 5*b. Let z = c + 11. Suppose -182 = -5*l + 4*l + 4*f, 0 = 5*f - 10. What is th